{"id":4963,"date":"2024-08-01T20:24:27","date_gmt":"2024-08-01T18:24:27","guid":{"rendered":"https:\/\/radiobellavista.ar\/?page_id=4963"},"modified":"2024-08-02T00:18:32","modified_gmt":"2024-08-01T22:18:32","slug":"libreria-cotillon","status":"publish","type":"page","link":"https:\/\/radiobellavista.ar\/?page_id=4963","title":{"rendered":"Librer\u00eda &#8211; Cotillon"},"content":{"rendered":"\n<p><\/p>\n\n\n\n<div class=\"wp-block-media-text is-stacked-on-mobile is-image-fill\" style=\"grid-template-columns:35% auto\"><figure class=\"wp-block-media-text__media\" style=\"background-image:url(https:\/\/radiobellavista.ar\/wp-content\/uploads\/2024\/08\/Libreria-Cale.png);background-position:50% 50%\"><img data-recalc-dims=\"1\" loading=\"lazy\" decoding=\"async\" width=\"656\" height=\"414\" data-attachment-id=\"4922\" data-permalink=\"https:\/\/radiobellavista.ar\/?attachment_id=4922\" data-orig-file=\"https:\/\/i0.wp.com\/radiobellavista.ar\/wp-content\/uploads\/2024\/08\/Libreria-Cale.png?fit=1122%2C708&amp;ssl=1\" data-orig-size=\"1122,708\" data-comments-opened=\"1\" data-image-meta=\"{&quot;aperture&quot;:&quot;0&quot;,&quot;credit&quot;:&quot;&quot;,&quot;camera&quot;:&quot;&quot;,&quot;caption&quot;:&quot;&quot;,&quot;created_timestamp&quot;:&quot;0&quot;,&quot;copyright&quot;:&quot;&quot;,&quot;focal_length&quot;:&quot;0&quot;,&quot;iso&quot;:&quot;0&quot;,&quot;shutter_speed&quot;:&quot;0&quot;,&quot;title&quot;:&quot;&quot;,&quot;orientation&quot;:&quot;0&quot;}\" data-image-title=\"Libreria Cale\" data-image-description=\"\" data-image-caption=\"\" data-medium-file=\"https:\/\/i0.wp.com\/radiobellavista.ar\/wp-content\/uploads\/2024\/08\/Libreria-Cale.png?fit=300%2C189&amp;ssl=1\" data-large-file=\"https:\/\/i0.wp.com\/radiobellavista.ar\/wp-content\/uploads\/2024\/08\/Libreria-Cale.png?fit=656%2C414&amp;ssl=1\" src=\"https:\/\/i0.wp.com\/radiobellavista.ar\/wp-content\/uploads\/2024\/08\/Libreria-Cale.png?resize=656%2C414&#038;ssl=1\" alt=\"\" class=\"wp-image-4922 size-full\"\/><\/figure><div class=\"wp-block-media-text__content\">\n<p class=\"has-text-align-center has-vivid-green-cyan-color has-text-color has-link-color has-large-font-size wp-elements-9c0e87fc76f3fa830a90f4144cd10746\"><strong><em>Librer\u00eda y Kiosco Cale<\/em><\/strong><\/p>\n\n\n\n<p><strong>\u00a0Tenemos para vos, carpetas, cartucheras, cuadernos, Fotocopias de excelente calidad, impresiones y mucha, mucha experiencia Para asesorarte.<\/strong> <strong>Te esperamos en Avenida Mattaldi 841 bella Vista.<\/strong> <\/p>\n\n\n\n<p class=\"has-text-align-center has-medium-font-size\"><strong><em>Hace tu consulta al Tel\u00e9fono 11 2388-3183<\/em><\/strong><\/p>\n<\/div><\/div>\n\n\n\n<p><\/p>\n\n\n\n<p><\/p>\n","protected":false},"excerpt":{"rendered":"<p>Librer\u00eda y Kiosco Cale \u00a0Tenemos para vos, carpetas, cartucheras, cuadernos, Fotocopias de excelente calidad, impresiones y mucha, mucha experiencia Para asesorarte. Te esperamos en Avenida Mattaldi 841 bella Vista. Hace tu consulta al Tel\u00e9fono 11 2388-3183<\/p>\n","protected":false},"author":1,"featured_media":0,"parent":4897,"menu_order":0,"comment_status":"closed","ping_status":"closed","template":"","meta":{"_eb_attr":"","advanced_seo_description":"","jetpack_seo_html_title":"","jetpack_seo_noindex":false,"_joinchat":[],"footnotes":""},"class_list":["post-4963","page","type-page","status-publish","hentry"],"jetpack_sharing_enabled":true,"jetpack-related-posts":[{"id":4857,"url":"https:\/\/radiobellavista.ar\/?page_id=4857","url_meta":{"origin":4963,"position":0},"title":"Comunidad RadioBellaVista.","author":"Administrador","date":"31 de julio de 2024","format":false,"excerpt":"RadioBellaVista con motivo de ayudar a nuestra comunidad generamos este Espacio. Si sos due\u00f1o de un Comercio.Podes darte de alta enviando un WhatsApp con tus datos al 11 3805-2424 Centro de est\u00e9tica Silvia di Benedetto masajes descontracturantes, relajantes, dermopigmentacion en cejas ojos y labios. Avenida Mattaldi 998 , Bella Vista\u2026","rel":"","context":"Entrada similar","block_context":{"text":"Entrada similar","link":""},"img":{"alt_text":"","src":"https:\/\/i0.wp.com\/radiobellavista.ar\/wp-content\/uploads\/2024\/08\/mi-bella-mandolina.jpg?resize=350%2C200&ssl=1","width":350,"height":200,"srcset":"https:\/\/i0.wp.com\/radiobellavista.ar\/wp-content\/uploads\/2024\/08\/mi-bella-mandolina.jpg?resize=350%2C200&ssl=1 1x, https:\/\/i0.wp.com\/radiobellavista.ar\/wp-content\/uploads\/2024\/08\/mi-bella-mandolina.jpg?resize=525%2C300&ssl=1 1.5x, https:\/\/i0.wp.com\/radiobellavista.ar\/wp-content\/uploads\/2024\/08\/mi-bella-mandolina.jpg?resize=700%2C400&ssl=1 2x"},"classes":[]},{"id":58,"url":"https:\/\/radiobellavista.ar\/?page_id=58","url_meta":{"origin":4963,"position":1},"title":"Auspiciantes","author":"Administrador","date":"11 de agosto de 2020","format":false,"excerpt":"Kiosco el AbueloDirecci\u00f3n: Cuenca 3047Villa Del Parque CABA Est\u00e9tica: Silvia Di BenedettoAv. Mattaldi 998 Bella VistaProvincia de Buenos AiresTel\u00e9fono: \u00a0\u00a0 011 4666-5744","rel":"","context":"Entrada similar","block_context":{"text":"Entrada similar","link":""},"img":{"alt_text":"","src":"https:\/\/i0.wp.com\/radiobellavista.ar\/wp-content\/uploads\/2024\/10\/kiosko-el-abuelo.jpg?resize=350%2C200&ssl=1","width":350,"height":200,"srcset":"https:\/\/i0.wp.com\/radiobellavista.ar\/wp-content\/uploads\/2024\/10\/kiosko-el-abuelo.jpg?resize=350%2C200&ssl=1 1x, https:\/\/i0.wp.com\/radiobellavista.ar\/wp-content\/uploads\/2024\/10\/kiosko-el-abuelo.jpg?resize=525%2C300&ssl=1 1.5x, https:\/\/i0.wp.com\/radiobellavista.ar\/wp-content\/uploads\/2024\/10\/kiosko-el-abuelo.jpg?resize=700%2C400&ssl=1 2x, https:\/\/i0.wp.com\/radiobellavista.ar\/wp-content\/uploads\/2024\/10\/kiosko-el-abuelo.jpg?resize=1050%2C600&ssl=1 3x"},"classes":[]}],"jetpack_shortlink":"https:\/\/wp.me\/PeQ3Wf-1i3","_links":{"self":[{"href":"https:\/\/radiobellavista.ar\/index.php?rest_route=\/wp\/v2\/pages\/4963","targetHints":{"allow":["GET"]}}],"collection":[{"href":"https:\/\/radiobellavista.ar\/index.php?rest_route=\/wp\/v2\/pages"}],"about":[{"href":"https:\/\/radiobellavista.ar\/index.php?rest_route=\/wp\/v2\/types\/page"}],"author":[{"embeddable":true,"href":"https:\/\/radiobellavista.ar\/index.php?rest_route=\/wp\/v2\/users\/1"}],"replies":[{"embeddable":true,"href":"https:\/\/radiobellavista.ar\/index.php?rest_route=%2Fwp%2Fv2%2Fcomments&post=4963"}],"version-history":[{"count":5,"href":"https:\/\/radiobellavista.ar\/index.php?rest_route=\/wp\/v2\/pages\/4963\/revisions"}],"predecessor-version":[{"id":5275,"href":"https:\/\/radiobellavista.ar\/index.php?rest_route=\/wp\/v2\/pages\/4963\/revisions\/5275"}],"up":[{"embeddable":true,"href":"https:\/\/radiobellavista.ar\/index.php?rest_route=\/wp\/v2\/pages\/4897"}],"wp:attachment":[{"href":"https:\/\/radiobellavista.ar\/index.php?rest_route=%2Fwp%2Fv2%2Fmedia&parent=4963"}],"curies":[{"name":"wp","href":"https:\/\/api.w.org\/{rel}","templated":true}]}}