{"id":4542,"date":"2024-04-09T12:17:40","date_gmt":"2024-04-09T15:17:40","guid":{"rendered":"https:\/\/radiobellavista.ar\/?page_id=4542"},"modified":"2024-04-09T12:17:40","modified_gmt":"2024-04-09T15:17:40","slug":"4542-2","status":"publish","type":"page","link":"https:\/\/radiobellavista.ar\/?page_id=4542","title":{"rendered":"Bomberos Voluntarios"},"content":{"rendered":"\n<p class=\"has-black-color has-light-gray-background-color has-text-color has-background has-link-color wp-elements-dc9ea0c6eb78dd4b9a24b0afc68a9022\"><strong><mark style=\"background-color:rgba(0, 0, 0, 0);color:#fb0e0e\" class=\"has-inline-color\">Bomberos Gral Sarmiento<\/mark><\/strong><br><em>Avenida Presidente Per\u00f3n 1644<br><strong>Guardia:<\/strong> 4664-2222<br><strong>Administraci\u00f3n:<\/strong> 4664-7032<br><strong>Jefatura: <\/strong>4664-5779<\/em><br><strong><mark style=\"background-color:rgba(0, 0, 0, 0);color:#f90707\" class=\"has-inline-color\">Destacamento 1<\/mark><\/strong><br><em>Avenida Remigio Lopez 2551 &#8211; <strong>Tel:<\/strong> 25514455-2222<\/em><\/p>\n\n\n\n<p class=\"has-black-color has-light-gray-background-color has-text-color has-background has-link-color wp-elements-032ccc1a69516c75e0b35eee76396374\"><mark style=\"background-color:rgba(0, 0, 0, 0);color:#f70606\" class=\"has-inline-color\"><strong>Bomberos Voluntarios de Jos\u00e9 C. Paz<\/strong><\/mark><br><em><strong>Direcci\u00f3n:<\/strong> San Agust\u00edn 703, Jos\u00e9 C. Paz<br><strong>Tel\u00e9fono:<\/strong> 02320 42-2222<br><strong>whatsapp:<\/strong> 1156615900<\/em><\/p>\n\n\n\n<p class=\"has-black-color has-light-gray-background-color has-text-color has-background has-link-color wp-elements-d91775805199c7f1c2e3d8c5f038b98c\"><mark style=\"background-color:rgba(0, 0, 0, 0);color:#f80202\" class=\"has-inline-color\"><strong>Bomberos Voluntarios Los Polvorines<\/strong><\/mark><br><em>Perito Moreno 3502, Villa de Mayo<\/em><\/p>\n\n\n\n<p class=\"has-black-color has-light-gray-background-color has-text-color has-background has-link-color wp-elements-0ab369d525cb4560b225c34fd9522f53\"><strong><mark style=\"background-color:rgba(0, 0, 0, 0);color:#fa0404\" class=\"has-inline-color\">Bomberos Voluntarios de Malvinas Argentinas<\/mark><\/strong><br><em>J. C. Baroni N\u00ba 2684 Los Polvorines<br><strong>Tel:<\/strong>4660-2222<\/em><\/p>\n\n\n\n<p class=\"has-black-color has-light-gray-background-color has-text-color has-background has-link-color wp-elements-8599139f83ecadc99cf5a0fa56c51fcf\"><strong><mark style=\"background-color:rgba(0, 0, 0, 0);color:#f40808\" class=\"has-inline-color\">Bomberos Voluntarios de Malvinas Argentinas<\/mark><\/strong><br><strong>Destacamento<\/strong><em> Grand Bourg.<br>Paso de los Andes 900, Grand Bourg.<br><strong>Tel:<\/strong> 02320481777<\/em><\/p>\n\n\n\n<p class=\"has-black-color has-light-gray-background-color has-text-color has-background has-link-color wp-elements-42ebe29212a0d17742d09ee35241a815\"><strong><mark style=\"background-color:rgba(0, 0, 0, 0);color:#ef0808\" class=\"has-inline-color\">Bomberos Voluntarios de Gral. San Mart\u00edn<\/mark><\/strong><br><em>Bartolom\u00e9 Mitre 4175,San Mart\u00edn<br><strong>Tel<\/strong>: 011 4755-2222<\/em><\/p>\n\n\n\n<p class=\"has-black-color has-light-gray-background-color has-text-color has-background has-link-color wp-elements-5cadfd5ff9d8f2ecfa9ab3a7dd1c88c8\"><strong><mark style=\"background-color:rgba(0, 0, 0, 0);color:#f70606\" class=\"has-inline-color\">Bomberos Voluntarios de Hurlingham<\/mark><\/strong><br><em>Destacamento Malvinas &#8211; <em>Villa<\/em><\/em> <em>Tesei<br>Ram\u00f3n Espinola, &#8211; Villa Tesei<br><strong>Tel\u00e9fono:<\/strong> 011 4450-2222<\/em><\/p>\n\n\n\n<p class=\"has-black-color has-light-gray-background-color has-text-color has-background has-link-color wp-elements-8993de06489851ff8366ad78bfed82db\"><strong><mark style=\"background-color:rgba(0, 0, 0, 0);color:#f30101\" class=\"has-inline-color\">Bomberos Voluntarios de MORENO<\/mark><\/strong><br><em><strong>Destacamento<\/strong> Trujui<br>Echeverr\u00eda 1049-10399, Trujui.<br><strong>Tel:<\/strong> 02374816435<\/em><\/p>\n\n\n\n<p class=\"has-white-background-color has-background\"><\/p>\n\n\n\n<p><\/p>\n\n\n\n<p><\/p>\n","protected":false},"excerpt":{"rendered":"<p>Bomberos Gral SarmientoAvenida Presidente Per\u00f3n 1644Guardia: 4664-2222Administraci\u00f3n: 4664-7032Jefatura: 4664-5779Destacamento 1Avenida Remigio Lopez 2551 &#8211; Tel: 25514455-2222 Bomberos Voluntarios de Jos\u00e9 C. PazDirecci\u00f3n: San Agust\u00edn 703, Jos\u00e9 C. PazTel\u00e9fono: 02320 42-2222whatsapp: 1156615900 Bomberos Voluntarios Los PolvorinesPerito Moreno 3502, Villa de Mayo Bomberos Voluntarios de Malvinas ArgentinasJ. C. Baroni N\u00ba 2684 Los PolvorinesTel:4660-2222 Bomberos Voluntarios de Malvinas [&hellip;]<\/p>\n","protected":false},"author":1,"featured_media":0,"parent":4375,"menu_order":0,"comment_status":"closed","ping_status":"closed","template":"","meta":{"_eb_attr":"","advanced_seo_description":"","jetpack_seo_html_title":"","jetpack_seo_noindex":false,"_joinchat":[],"footnotes":""},"class_list":["post-4542","page","type-page","status-publish","hentry"],"jetpack_sharing_enabled":true,"jetpack-related-posts":[{"id":5059,"url":"https:\/\/radiobellavista.ar\/?page_id=5059","url_meta":{"origin":4542,"position":0},"title":"D\u00eda del Bombero Voluntario","author":"Administrador","date":"22 de agosto de 2024","format":false,"excerpt":"[player id='5058']","rel":"","context":"Entrada similar","block_context":{"text":"Entrada similar","link":""},"img":{"alt_text":"","src":"https:\/\/i0.wp.com\/radiobellavista.ar\/wp-content\/uploads\/2024\/08\/bombero-voluntario.jpeg?resize=350%2C200&ssl=1","width":350,"height":200},"classes":[]},{"id":4379,"url":"https:\/\/radiobellavista.ar\/?page_id=4379","url_meta":{"origin":4542,"position":1},"title":"Emergencias","author":"Administrador","date":"7 de abril de 2024","format":false,"excerpt":"911 Central de Emergencias Nacional 100 Bomberos 102 Linea de las Chicas y los Chicos 103 Defensa Civil 106 Emergencia N\u00e1utica 107 Emergencias Medicas 135 Asistencia al Suicida 141 Ayuda Sedronar 142 Menores Extraviados 144 Violencia de Genero 145 Denunci\u00e1 La Trata 149 Opci\u00f3n 2 Asistencia a Victimas de Siniestros\u2026","rel":"","context":"Entrada similar","block_context":{"text":"Entrada similar","link":""},"img":{"alt_text":"","src":"","width":0,"height":0},"classes":[]}],"jetpack_shortlink":"https:\/\/wp.me\/PeQ3Wf-1bg","_links":{"self":[{"href":"https:\/\/radiobellavista.ar\/index.php?rest_route=\/wp\/v2\/pages\/4542","targetHints":{"allow":["GET"]}}],"collection":[{"href":"https:\/\/radiobellavista.ar\/index.php?rest_route=\/wp\/v2\/pages"}],"about":[{"href":"https:\/\/radiobellavista.ar\/index.php?rest_route=\/wp\/v2\/types\/page"}],"author":[{"embeddable":true,"href":"https:\/\/radiobellavista.ar\/index.php?rest_route=\/wp\/v2\/users\/1"}],"replies":[{"embeddable":true,"href":"https:\/\/radiobellavista.ar\/index.php?rest_route=%2Fwp%2Fv2%2Fcomments&post=4542"}],"version-history":[{"count":0,"href":"https:\/\/radiobellavista.ar\/index.php?rest_route=\/wp\/v2\/pages\/4542\/revisions"}],"up":[{"embeddable":true,"href":"https:\/\/radiobellavista.ar\/index.php?rest_route=\/wp\/v2\/pages\/4375"}],"wp:attachment":[{"href":"https:\/\/radiobellavista.ar\/index.php?rest_route=%2Fwp%2Fv2%2Fmedia&parent=4542"}],"curies":[{"name":"wp","href":"https:\/\/api.w.org\/{rel}","templated":true}]}}