{"id":4465,"date":"2024-04-08T11:50:08","date_gmt":"2024-04-08T14:50:08","guid":{"rendered":"https:\/\/radiobellavista.ar\/?page_id=4465"},"modified":"2024-04-08T11:50:08","modified_gmt":"2024-04-08T14:50:08","slug":"mapa-hospitales","status":"publish","type":"page","link":"https:\/\/radiobellavista.ar\/?page_id=4465","title":{"rendered":"Mapa Hospitales"},"content":{"rendered":"\n<iframe src=\"https:\/\/www.google.com\/maps\/embed?pb=!1m16!1m12!1m3!1d46851.61445480575!2d-58.75339418180152!3d-34.532726730779416!2m3!1f0!2f0!3f0!3m2!1i1024!2i768!4f13.1!2m1!1smapa%20hospitales!5e0!3m2!1ses!2sar!4v1712587884855!5m2!1ses!2sar\" width=\"600\" height=\"450\" style=\"border:0;\" allowfullscreen=\"\" loading=\"lazy\" referrerpolicy=\"no-referrer-when-downgrade\"><\/iframe>\n","protected":false},"excerpt":{"rendered":"","protected":false},"author":1,"featured_media":0,"parent":4337,"menu_order":0,"comment_status":"closed","ping_status":"closed","template":"","meta":{"_eb_attr":"","advanced_seo_description":"","jetpack_seo_html_title":"","jetpack_seo_noindex":false,"_joinchat":[],"footnotes":""},"class_list":["post-4465","page","type-page","status-publish","hentry"],"jetpack_sharing_enabled":true,"jetpack-related-posts":[{"id":4343,"url":"https:\/\/radiobellavista.ar\/?page_id=4343","url_meta":{"origin":4465,"position":0},"title":"Hospitales","author":"Administrador","date":"7 de abril de 2024","format":false,"excerpt":"Hospital Dr. Ra\u00fal F. LarcadeAv Pres. Juan Domingo Per\u00f3n 23116091-7135 Hospital San Miguel Arc\u00e1ngelMattaldi 1057 Bella Vista4666-3151Lab: 4666-5669Consultorios Externos 6091-7133 Hospital Santa Mar\u00edaDefensa y Balb\u00ednDe 24hs hs","rel":"","context":"Entrada similar","block_context":{"text":"Entrada similar","link":""},"img":{"alt_text":"","src":"","width":0,"height":0},"classes":[]},{"id":4349,"url":"https:\/\/radiobellavista.ar\/?page_id=4349","url_meta":{"origin":4465,"position":1},"title":"Mapa de Farmacias en San Miguel","author":"Administrador","date":"7 de abril de 2024","format":false,"excerpt":"","rel":"","context":"Entrada similar","block_context":{"text":"Entrada similar","link":""},"img":{"alt_text":"","src":"","width":0,"height":0},"classes":[]},{"id":3463,"url":"https:\/\/radiobellavista.ar\/?page_id=3463","url_meta":{"origin":4465,"position":2},"title":"Mapa de Noticias","author":"Administrador","date":"12 de mayo de 2023","format":false,"excerpt":"<iframe src=\"https:\/\/www.google.com\/maps\/d\/viewer?mid=1eN4rLDw1tICmzNSP3n2Ziy54E2brhIGQ&ll=-34.56599392009763%2C-58.69015454410798&z=14\" width=\u201d960\u201d height=\u201d720\u201d ><\/iframe>","rel":"","context":"Entrada similar","block_context":{"text":"Entrada similar","link":""},"img":{"alt_text":"","src":"","width":0,"height":0},"classes":[]},{"id":4339,"url":"https:\/\/radiobellavista.ar\/?page_id=4339","url_meta":{"origin":4465,"position":3},"title":"Centros de Atenci\u00f3n Especializada","author":"Administrador","date":"7 de abril de 2024","format":false,"excerpt":"Centro Odontol\u00f3gico \u2013 CAPS M. AntoniazziIrigoin 4410 Barrio Sarmiento6091-7100 int 4814 Hospital Oftalmol\u00f3gico \u2013 Odontol\u00f3gico Central de San MiguelAv. Pte. Per\u00f3n 403 esq. Alberdi Mu\u00f1iz4664-0658 (Odontolog\u00eda) 4664-0371 (Oftalmolog\u00eda)De Lun a vier 08 a 16 hs Hospital Oftalmol\u00f3gico Municipal Mons. BarbichMTRO. FERREYRA 1791 ESQ ESPA\u00d1A Parque la Gloria4465-5552De Lun a vier\u2026","rel":"","context":"Entrada similar","block_context":{"text":"Entrada similar","link":""},"img":{"alt_text":"","src":"","width":0,"height":0},"classes":[]},{"id":5478,"url":"https:\/\/radiobellavista.ar\/?page_id=5478","url_meta":{"origin":4465,"position":4},"title":"Centros de Salud","author":"Administrador","date":"29 de mayo de 2025","format":false,"excerpt":"Centros de Salud El Centro de Salud es el primer contacto que toman las personas con el sistema de salud p\u00fablico y donde se efect\u00faan las primeras acciones de asistencia sanitaria. Sus servicios est\u00e1n adaptados a las necesidades de la comunidad de cada barrio en particular. Vacunatorios \u00a0 Efectores donde\u2026","rel":"","context":"Entrada similar","block_context":{"text":"Entrada similar","link":""},"img":{"alt_text":"","src":"","width":0,"height":0},"classes":[]}],"jetpack_shortlink":"https:\/\/wp.me\/PeQ3Wf-1a1","_links":{"self":[{"href":"https:\/\/radiobellavista.ar\/index.php?rest_route=\/wp\/v2\/pages\/4465","targetHints":{"allow":["GET"]}}],"collection":[{"href":"https:\/\/radiobellavista.ar\/index.php?rest_route=\/wp\/v2\/pages"}],"about":[{"href":"https:\/\/radiobellavista.ar\/index.php?rest_route=\/wp\/v2\/types\/page"}],"author":[{"embeddable":true,"href":"https:\/\/radiobellavista.ar\/index.php?rest_route=\/wp\/v2\/users\/1"}],"replies":[{"embeddable":true,"href":"https:\/\/radiobellavista.ar\/index.php?rest_route=%2Fwp%2Fv2%2Fcomments&post=4465"}],"version-history":[{"count":0,"href":"https:\/\/radiobellavista.ar\/index.php?rest_route=\/wp\/v2\/pages\/4465\/revisions"}],"up":[{"embeddable":true,"href":"https:\/\/radiobellavista.ar\/index.php?rest_route=\/wp\/v2\/pages\/4337"}],"wp:attachment":[{"href":"https:\/\/radiobellavista.ar\/index.php?rest_route=%2Fwp%2Fv2%2Fmedia&parent=4465"}],"curies":[{"name":"wp","href":"https:\/\/api.w.org\/{rel}","templated":true}]}}