{"id":4379,"date":"2024-04-07T22:15:14","date_gmt":"2024-04-08T01:15:14","guid":{"rendered":"https:\/\/radiobellavista.ar\/?page_id=4379"},"modified":"2024-08-26T01:39:40","modified_gmt":"2024-08-25T23:39:40","slug":"emergencias","status":"publish","type":"page","link":"https:\/\/radiobellavista.ar\/?page_id=4379","title":{"rendered":"Emergencias"},"content":{"rendered":"\n<div class=\"wp-block-buttons is-content-justification-center is-layout-flex wp-container-core-buttons-is-layout-16018d1d wp-block-buttons-is-layout-flex\">\n<div class=\"wp-block-button is-style-outline is-style-outline--1\"><a class=\"wp-block-button__link has-background wp-element-button\" href=\"Tel:911\" style=\"background:radial-gradient(rgb(254,205,165) 63%,rgb(254,45,45) 83%,rgb(107,0,62) 100%)\"><strong>911 Central de Emergencias Nacional<\/strong><\/a><\/div>\n<\/div>\n\n\n\n<p><\/p>\n\n\n\n<div class=\"wp-block-buttons is-content-justification-center is-layout-flex wp-container-core-buttons-is-layout-16018d1d wp-block-buttons-is-layout-flex\">\n<div class=\"wp-block-button is-style-outline is-style-outline--2\"><a class=\"wp-block-button__link has-black-color has-text-color has-background has-link-color wp-element-button\" style=\"background:radial-gradient(rgb(254,205,165) 53%,rgb(254,45,45) 78%,rgb(107,0,62) 100%)\"><strong>100 Bomberos<\/strong><\/a><\/div>\n<\/div>\n\n\n\n<p><\/p>\n\n\n\n<div class=\"wp-block-buttons is-content-justification-center is-layout-flex wp-container-core-buttons-is-layout-16018d1d wp-block-buttons-is-layout-flex\">\n<div class=\"wp-block-button is-style-outline is-style-outline--3\"><a class=\"wp-block-button__link has-background wp-element-button\" style=\"background:radial-gradient(rgb(254,205,165) 64%,rgb(254,45,45) 80%,rgb(107,0,62) 100%)\"><strong>102 Linea de las Chicas y los Chicos<\/strong><\/a><\/div>\n<\/div>\n\n\n\n<p><\/p>\n\n\n\n<div class=\"wp-block-buttons is-content-justification-center is-layout-flex wp-container-core-buttons-is-layout-16018d1d wp-block-buttons-is-layout-flex\">\n<div class=\"wp-block-button is-style-outline is-style-outline--4\"><a class=\"wp-block-button__link has-background wp-element-button\" style=\"background:radial-gradient(rgb(254,205,165) 59%,rgb(254,45,45) 68%,rgb(107,0,62) 100%)\"><strong>103 Defensa Civil<\/strong><\/a><\/div>\n<\/div>\n\n\n\n<p><\/p>\n\n\n\n<div class=\"wp-block-buttons is-content-justification-center is-layout-flex wp-container-core-buttons-is-layout-16018d1d wp-block-buttons-is-layout-flex\">\n<div class=\"wp-block-button is-style-outline is-style-outline--5\"><a class=\"wp-block-button__link has-background wp-element-button\" style=\"background:radial-gradient(rgb(254,205,165) 62%,rgb(254,45,45) 79%,rgb(107,0,62) 100%)\"><strong>106 Emergencia N\u00e1utica<\/strong><\/a><\/div>\n<\/div>\n\n\n\n<p><\/p>\n\n\n\n<div class=\"wp-block-buttons is-content-justification-center is-layout-flex wp-container-core-buttons-is-layout-16018d1d wp-block-buttons-is-layout-flex\">\n<div class=\"wp-block-button is-style-outline is-style-outline--6\"><a class=\"wp-block-button__link has-background wp-element-button\" style=\"background:radial-gradient(rgb(254,205,165) 61%,rgb(254,45,45) 78%,rgb(107,0,62) 100%)\"><strong>107 Emergencias Medicas<\/strong><\/a><\/div>\n<\/div>\n\n\n\n<p><\/p>\n\n\n\n<div class=\"wp-block-buttons is-content-justification-center is-layout-flex wp-container-core-buttons-is-layout-16018d1d wp-block-buttons-is-layout-flex\">\n<div class=\"wp-block-button is-style-outline is-style-outline--7\"><a class=\"wp-block-button__link has-background wp-element-button\" style=\"background:radial-gradient(rgb(254,205,165) 51%,rgb(254,45,45) 83%,rgb(107,0,62) 100%)\"><strong>135 Asistencia al Suicida<\/strong><\/a><\/div>\n<\/div>\n\n\n\n<p><\/p>\n\n\n\n<div class=\"wp-block-buttons is-content-justification-center is-layout-flex wp-container-core-buttons-is-layout-16018d1d wp-block-buttons-is-layout-flex\">\n<div class=\"wp-block-button is-style-outline is-style-outline--8\"><a class=\"wp-block-button__link has-background wp-element-button\" style=\"background:radial-gradient(rgb(254,205,165) 61%,rgb(254,45,45) 76%,rgb(107,0,62) 100%)\"><strong>141 Ayuda Sedronar<\/strong><\/a><\/div>\n<\/div>\n\n\n\n<p><\/p>\n\n\n\n<div class=\"wp-block-buttons is-content-justification-center is-layout-flex wp-container-core-buttons-is-layout-16018d1d wp-block-buttons-is-layout-flex\">\n<div class=\"wp-block-button is-style-outline is-style-outline--9\"><a class=\"wp-block-button__link has-background wp-element-button\" style=\"background:radial-gradient(rgb(254,205,165) 64%,rgb(254,45,45) 68%,rgb(107,0,62) 100%)\"><strong>142 Menores Extraviados<\/strong><\/a><\/div>\n<\/div>\n\n\n\n<p><\/p>\n\n\n\n<div class=\"wp-block-buttons is-content-justification-center is-layout-flex wp-container-core-buttons-is-layout-16018d1d wp-block-buttons-is-layout-flex\">\n<div class=\"wp-block-button is-style-outline is-style-outline--10\"><a class=\"wp-block-button__link has-background wp-element-button\" style=\"background:radial-gradient(rgb(254,205,165) 59%,rgb(254,45,45) 76%,rgb(107,0,62) 100%)\"><strong>144 Violencia de Genero<\/strong><\/a><\/div>\n<\/div>\n\n\n\n<p><\/p>\n\n\n\n<div class=\"wp-block-buttons is-content-justification-center is-layout-flex wp-container-core-buttons-is-layout-16018d1d wp-block-buttons-is-layout-flex\">\n<div class=\"wp-block-button is-style-outline is-style-outline--11\"><a class=\"wp-block-button__link has-background wp-element-button\" style=\"background:radial-gradient(rgb(254,205,165) 57%,rgb(254,45,45) 76%,rgb(107,0,62) 100%)\"><strong>145 Denunci\u00e1 La Trata<\/strong><\/a><\/div>\n<\/div>\n\n\n\n<p><\/p>\n\n\n\n<div class=\"wp-block-buttons is-content-justification-center is-layout-flex wp-container-core-buttons-is-layout-16018d1d wp-block-buttons-is-layout-flex\">\n<div class=\"wp-block-button is-style-outline is-style-outline--12\"><a class=\"wp-block-button__link has-background wp-element-button\" style=\"background:radial-gradient(rgb(255,233,213) 63%,rgb(255,82,82) 81%,rgb(107,0,62) 100%)\"><strong>149 Opci\u00f3n 2 Asistencia a Victimas de Siniestros Viales<\/strong><\/a><\/div>\n<\/div>\n\n\n\n<p><\/p>\n\n\n\n<div class=\"wp-block-buttons is-content-justification-center is-layout-flex wp-container-core-buttons-is-layout-16018d1d wp-block-buttons-is-layout-flex\">\n<div class=\"wp-block-button is-style-outline is-style-outline--13\"><a class=\"wp-block-button__link has-background wp-element-button\" style=\"background:radial-gradient(rgb(254,205,165) 61%,rgb(254,45,45) 79%,rgb(107,0,62) 100%)\"><strong>168 Discriminaci\u00f3n, Racismo y Xenofobia<\/strong><\/a><\/div>\n<\/div>\n","protected":false},"excerpt":{"rendered":"","protected":false},"author":1,"featured_media":0,"parent":4375,"menu_order":0,"comment_status":"closed","ping_status":"closed","template":"","meta":{"_eb_attr":"","advanced_seo_description":"","jetpack_seo_html_title":"","jetpack_seo_noindex":false,"_joinchat":[],"footnotes":""},"class_list":["post-4379","page","type-page","status-publish","hentry"],"jetpack_sharing_enabled":true,"jetpack-related-posts":[{"id":4483,"url":"https:\/\/radiobellavista.ar\/?page_id=4483","url_meta":{"origin":4379,"position":0},"title":"Departamento Central Polic\u00eda Federal Argentina","author":"Administrador","date":"8 de abril de 2024","format":false,"excerpt":"El edificio del Departamento Central de la Polic\u00eda Federal Argentina es la sede de ese cuerpo policial, situado en el barrio de Montserrat, perteneciente a la comuna 1 de la Ciudad Aut\u00f3noma de Buenos Aires, Argentina. Direcci\u00f3n: Moreno 1502, C1093 Cdad. Aut\u00f3noma de Buenos Aires Tel\u00e9fono: 011 4370-5800","rel":"","context":"Entrada similar","block_context":{"text":"Entrada similar","link":""},"img":{"alt_text":"","src":"","width":0,"height":0},"classes":[]},{"id":5022,"url":"https:\/\/radiobellavista.ar\/?page_id=5022","url_meta":{"origin":4379,"position":1},"title":"D\u00eda de Gendarmeria Nacional","author":"Administrador","date":"22 de agosto de 2024","format":false,"excerpt":"[player id=5021]","rel":"","context":"Entrada similar","block_context":{"text":"Entrada similar","link":""},"img":{"alt_text":"","src":"https:\/\/i0.wp.com\/radiobellavista.ar\/wp-content\/uploads\/2024\/08\/gendarmeria.jpeg?resize=350%2C200&ssl=1","width":350,"height":200},"classes":[]},{"id":4339,"url":"https:\/\/radiobellavista.ar\/?page_id=4339","url_meta":{"origin":4379,"position":2},"title":"Centros de Atenci\u00f3n Especializada","author":"Administrador","date":"7 de abril de 2024","format":false,"excerpt":"Centro Odontol\u00f3gico \u2013 CAPS M. AntoniazziIrigoin 4410 Barrio Sarmiento6091-7100 int 4814 Hospital Oftalmol\u00f3gico \u2013 Odontol\u00f3gico Central de San MiguelAv. Pte. Per\u00f3n 403 esq. Alberdi Mu\u00f1iz4664-0658 (Odontolog\u00eda) 4664-0371 (Oftalmolog\u00eda)De Lun a vier 08 a 16 hs Hospital Oftalmol\u00f3gico Municipal Mons. BarbichMTRO. FERREYRA 1791 ESQ ESPA\u00d1A Parque la Gloria4465-5552De Lun a vier\u2026","rel":"","context":"Entrada similar","block_context":{"text":"Entrada similar","link":""},"img":{"alt_text":"","src":"","width":0,"height":0},"classes":[]},{"id":5094,"url":"https:\/\/radiobellavista.ar\/?page_id=5094","url_meta":{"origin":4379,"position":3},"title":"D\u00eda del Perro en honor a Chonino","author":"Administrador","date":"22 de agosto de 2024","format":false,"excerpt":"[player id='5097'] Chonino fue un perro argentino de raza Ovejero Alem\u00e1n de pelo largo\u200b que perteneci\u00f3 a la Polic\u00eda Federal Argentina, recordado por ser el \u00fanico que muri\u00f3 en acci\u00f3n en toda la historia de la Fuerza, y que por su valent\u00eda y sacrificio se conmemora el \"D\u00eda Nacional del\u2026","rel":"","context":"Entrada similar","block_context":{"text":"Entrada similar","link":""},"img":{"alt_text":"","src":"https:\/\/i0.wp.com\/radiobellavista.ar\/wp-content\/uploads\/2024\/08\/chonino.png?resize=350%2C200&ssl=1","width":350,"height":200},"classes":[]},{"id":4341,"url":"https:\/\/radiobellavista.ar\/?page_id=4341","url_meta":{"origin":4379,"position":4},"title":"Farmacias","author":"Administrador","date":"7 de abril de 2024","format":false,"excerpt":"San Miguel, Mu\u00f1iz y Bella Vista YasutakeAv. Ricchieri y Paran\u00e1, Bella VistaPagesAv. Per\u00f3n 78, Mu\u00f1iz4451-0038Puerto SaludAv. Per\u00f3n 654, Mu\u00f1izIrurzunSenador Mor\u00f3n 2259, Bella Vista4668-3333NewkirkAv. Mattaldi 1183, Bella Vista4666-1567RadiumAv. Richieri 949, Bella VistaAna SCSAv. Balb\u00edn y Fraga, San MiguelMuscoliniAv. Per\u00f3n 1284, San Miguel4667-3109Raspo San MiguelAv. Balb\u00edn 855, San Miguel4664-9104Central OesteAv. Per\u00f3n 1702,\u2026","rel":"","context":"Entrada similar","block_context":{"text":"Entrada similar","link":""},"img":{"alt_text":"","src":"","width":0,"height":0},"classes":[]},{"id":5350,"url":"https:\/\/radiobellavista.ar\/?page_id=5350","url_meta":{"origin":4379,"position":5},"title":"Fiestas Patrias","author":"Administrador","date":"3 de febrero de 2025","format":false,"excerpt":"El 25 de Febrero de 1778, nace en Yapey\u00fa el General Jos\u00e9 de San Mart\u00edn.Libertador de Sud Am\u00e9rica, luch\u00f3 por la libertad de su pueblo y su continente, promovi\u00f3 la igualdad entre todas las razas y libert\u00f3 medio continente. Fue el m\u00e1ximo h\u00e9roe de nuestra independencia del Imperio Espa\u00f1ol. Este\u2026","rel":"","context":"Entrada similar","block_context":{"text":"Entrada similar","link":""},"img":{"alt_text":"","src":"","width":0,"height":0},"classes":[]}],"jetpack_shortlink":"https:\/\/wp.me\/PeQ3Wf-18D","_links":{"self":[{"href":"https:\/\/radiobellavista.ar\/index.php?rest_route=\/wp\/v2\/pages\/4379","targetHints":{"allow":["GET"]}}],"collection":[{"href":"https:\/\/radiobellavista.ar\/index.php?rest_route=\/wp\/v2\/pages"}],"about":[{"href":"https:\/\/radiobellavista.ar\/index.php?rest_route=\/wp\/v2\/types\/page"}],"author":[{"embeddable":true,"href":"https:\/\/radiobellavista.ar\/index.php?rest_route=\/wp\/v2\/users\/1"}],"replies":[{"embeddable":true,"href":"https:\/\/radiobellavista.ar\/index.php?rest_route=%2Fwp%2Fv2%2Fcomments&post=4379"}],"version-history":[{"count":1,"href":"https:\/\/radiobellavista.ar\/index.php?rest_route=\/wp\/v2\/pages\/4379\/revisions"}],"predecessor-version":[{"id":5123,"href":"https:\/\/radiobellavista.ar\/index.php?rest_route=\/wp\/v2\/pages\/4379\/revisions\/5123"}],"up":[{"embeddable":true,"href":"https:\/\/radiobellavista.ar\/index.php?rest_route=\/wp\/v2\/pages\/4375"}],"wp:attachment":[{"href":"https:\/\/radiobellavista.ar\/index.php?rest_route=%2Fwp%2Fv2%2Fmedia&parent=4379"}],"curies":[{"name":"wp","href":"https:\/\/api.w.org\/{rel}","templated":true}]}}