{"id":3193,"date":"2022-07-25T06:28:56","date_gmt":"2022-07-25T09:28:56","guid":{"rendered":"http:\/\/fmbellavista.com.ar\/?page_id=3193"},"modified":"2022-07-25T06:28:56","modified_gmt":"2022-07-25T09:28:56","slug":"descarga_la_app","status":"publish","type":"page","link":"https:\/\/radiobellavista.ar\/?page_id=3193","title":{"rendered":"Descarga La App"},"content":{"rendered":"<div class=\"wp-block-image\">\n<figure class=\"alignleft size-full is-resized\"><img data-recalc-dims=\"1\" decoding=\"async\" src=\"https:\/\/i0.wp.com\/radiobellavista.ar\/wp-content\/uploads\/2024\/04\/LogoRadio2.png?w=656&#038;ssl=1\" alt=\"\" class=\"wp-image-4280\" style=\"width:88px;height:auto\"\/><\/figure>\n<\/div>\n\n\n<p class=\"has-text-align-left has-text-color\" style=\"color:#2102f6;font-size:19px\"><strong><em>RadioBellaVista te acompa\u00f1a con toda la m\u00fasica que vos quer\u00e9s volver a escuchar<\/em><\/strong><\/p>\n\n\n\n<p class=\"has-vivid-red-color has-text-color\" style=\"font-size:19px\"><strong>Si Estas Manejando,<\/strong> <\/p>\n\n\n\n<p class=\"has-vivid-red-color has-text-color\" style=\"font-size:19px\"><em>No utilices el celular ni otros aparatos que causan distracci\u00f3n y tensi\u00f3n al conducir.<\/em><\/p>\n\n\n\n<p class=\"has-text-align-center has-text-color\" style=\"color:#f40212;font-size:19px\"><strong><em>Ser Responsable Evita Accidentes<\/em><\/strong><\/p>\n\n\n<div class=\"wp-block-image\">\n<figure class=\"alignright size-full is-resized\"><img data-recalc-dims=\"1\" decoding=\"async\" src=\"https:\/\/i0.wp.com\/radiobellavista.ar\/wp-content\/uploads\/2024\/06\/qr.png?w=656&#038;ssl=1\" alt=\"\" class=\"wp-image-4735\" style=\"width:200px;height:auto\"\/><\/figure>\n<\/div>\n\n\n<figure class=\"wp-block-image is-resized\"><a href=\"https:\/\/apk.e-droid.net\/apk\/app1205924.apk?v=19\"><img data-recalc-dims=\"1\" decoding=\"async\" src=\"https:\/\/i0.wp.com\/www.appcreator24.com\/android-app-creator\/descargar_es.png?w=656&#038;ssl=1\" alt=\"\" style=\"width:286px;height:auto\"\/><\/a><\/figure>\n\n\n\n<p><a style=\"color:#0000FF\" href=\"javascript:var v=f_info_aab();\"><\/a><\/p>\n","protected":false},"excerpt":{"rendered":"<p>RadioBellaVista te acompa\u00f1a con toda la m\u00fasica que vos quer\u00e9s volver a escuchar Si Estas Manejando, No utilices el celular ni otros aparatos que causan distracci\u00f3n y tensi\u00f3n al conducir. Ser Responsable Evita Accidentes<\/p>\n","protected":false},"author":1,"featured_media":0,"parent":185,"menu_order":0,"comment_status":"closed","ping_status":"closed","template":"","meta":{"_eb_attr":"","advanced_seo_description":"","jetpack_seo_html_title":"","jetpack_seo_noindex":false,"_joinchat":[],"footnotes":""},"class_list":["post-3193","page","type-page","status-publish","hentry"],"jetpack_sharing_enabled":true,"jetpack-related-posts":[{"id":185,"url":"https:\/\/radiobellavista.ar\/?page_id=185","url_meta":{"origin":3193,"position":0},"title":"La Radio","author":"Administrador","date":"28 de septiembre de 2020","format":false,"excerpt":"Desde la Ciudad del Arbol con Toda la Musica que a Vos te Gusta","rel":"","context":"Entrada similar","block_context":{"text":"Entrada similar","link":""},"img":{"alt_text":"","src":"https:\/\/i0.wp.com\/www.appcreator24.com\/android-app-creator\/descargar_es.png?resize=350%2C200&ssl=1","width":350,"height":200},"classes":[]},{"id":16,"url":"https:\/\/radiobellavista.ar\/","url_meta":{"origin":3193,"position":1},"title":"Todos los d\u00edas Te acompa\u00f1amos\u2026","author":"Administrador","date":"9 de agosto de 2020","format":false,"excerpt":"Todos los d\u00edas Te acompa\u00f1amos con la mejor m\u00fasica Est\u00e9s donde est\u00e9s RadioBellaVista esta con Vos","rel":"","context":"Entrada similar","block_context":{"text":"Entrada similar","link":""},"img":{"alt_text":"","src":"https:\/\/i0.wp.com\/radiobellavista.ar\/wp-content\/uploads\/2023\/06\/logo-radiobellavista-1.png?resize=350%2C200&ssl=1","width":350,"height":200},"classes":[]},{"id":3579,"url":"https:\/\/radiobellavista.ar\/?page_id=3579","url_meta":{"origin":3193,"position":2},"title":"Escucha la Radio","author":"Administrador","date":"21 de mayo de 2023","format":false,"excerpt":"","rel":"","context":"Entrada similar","block_context":{"text":"Entrada similar","link":""},"img":{"alt_text":"","src":"","width":0,"height":0},"classes":[]},{"id":4857,"url":"https:\/\/radiobellavista.ar\/?page_id=4857","url_meta":{"origin":3193,"position":3},"title":"Comunidad RadioBellaVista.","author":"Administrador","date":"31 de julio de 2024","format":false,"excerpt":"RadioBellaVista con motivo de ayudar a nuestra comunidad generamos este Espacio. Si sos due\u00f1o de un Comercio.Podes darte de alta enviando un WhatsApp con tus datos al 11 3805-2424 Centro de est\u00e9tica Silvia di Benedetto masajes descontracturantes, relajantes, dermopigmentacion en cejas ojos y labios. Avenida Mattaldi 998 , Bella Vista\u2026","rel":"","context":"Entrada similar","block_context":{"text":"Entrada similar","link":""},"img":{"alt_text":"","src":"https:\/\/i0.wp.com\/radiobellavista.ar\/wp-content\/uploads\/2024\/08\/mi-bella-mandolina.jpg?resize=350%2C200&ssl=1","width":350,"height":200,"srcset":"https:\/\/i0.wp.com\/radiobellavista.ar\/wp-content\/uploads\/2024\/08\/mi-bella-mandolina.jpg?resize=350%2C200&ssl=1 1x, https:\/\/i0.wp.com\/radiobellavista.ar\/wp-content\/uploads\/2024\/08\/mi-bella-mandolina.jpg?resize=525%2C300&ssl=1 1.5x, https:\/\/i0.wp.com\/radiobellavista.ar\/wp-content\/uploads\/2024\/08\/mi-bella-mandolina.jpg?resize=700%2C400&ssl=1 2x"},"classes":[]},{"id":4851,"url":"https:\/\/radiobellavista.ar\/?page_id=4851","url_meta":{"origin":3193,"position":4},"title":"Chatea con Nosotros","author":"Administrador","date":"30 de julio de 2024","format":false,"excerpt":"Contanos de Donde Nos Estas Escuchando","rel":"","context":"Entrada similar","block_context":{"text":"Entrada similar","link":""},"img":{"alt_text":"","src":"","width":0,"height":0},"classes":[]},{"id":4963,"url":"https:\/\/radiobellavista.ar\/?page_id=4963","url_meta":{"origin":3193,"position":5},"title":"Librer\u00eda &#8211; Cotillon","author":"Administrador","date":"1 de agosto de 2024","format":false,"excerpt":"Librer\u00eda y Kiosco Cale \u00a0Tenemos para vos, carpetas, cartucheras, cuadernos, Fotocopias de excelente calidad, impresiones y mucha, mucha experiencia Para asesorarte. Te esperamos en Avenida Mattaldi 841 bella Vista. Hace tu consulta al Tel\u00e9fono 11 2388-3183","rel":"","context":"Entrada similar","block_context":{"text":"Entrada similar","link":""},"img":{"alt_text":"","src":"https:\/\/i0.wp.com\/radiobellavista.ar\/wp-content\/uploads\/2024\/08\/Libreria-Cale.png?resize=350%2C200&ssl=1","width":350,"height":200,"srcset":"https:\/\/i0.wp.com\/radiobellavista.ar\/wp-content\/uploads\/2024\/08\/Libreria-Cale.png?resize=350%2C200&ssl=1 1x, https:\/\/i0.wp.com\/radiobellavista.ar\/wp-content\/uploads\/2024\/08\/Libreria-Cale.png?resize=525%2C300&ssl=1 1.5x, https:\/\/i0.wp.com\/radiobellavista.ar\/wp-content\/uploads\/2024\/08\/Libreria-Cale.png?resize=700%2C400&ssl=1 2x, https:\/\/i0.wp.com\/radiobellavista.ar\/wp-content\/uploads\/2024\/08\/Libreria-Cale.png?resize=1050%2C600&ssl=1 3x"},"classes":[]}],"jetpack_shortlink":"https:\/\/wp.me\/PeQ3Wf-Pv","_links":{"self":[{"href":"https:\/\/radiobellavista.ar\/index.php?rest_route=\/wp\/v2\/pages\/3193","targetHints":{"allow":["GET"]}}],"collection":[{"href":"https:\/\/radiobellavista.ar\/index.php?rest_route=\/wp\/v2\/pages"}],"about":[{"href":"https:\/\/radiobellavista.ar\/index.php?rest_route=\/wp\/v2\/types\/page"}],"author":[{"embeddable":true,"href":"https:\/\/radiobellavista.ar\/index.php?rest_route=\/wp\/v2\/users\/1"}],"replies":[{"embeddable":true,"href":"https:\/\/radiobellavista.ar\/index.php?rest_route=%2Fwp%2Fv2%2Fcomments&post=3193"}],"version-history":[{"count":0,"href":"https:\/\/radiobellavista.ar\/index.php?rest_route=\/wp\/v2\/pages\/3193\/revisions"}],"up":[{"embeddable":true,"href":"https:\/\/radiobellavista.ar\/index.php?rest_route=\/wp\/v2\/pages\/185"}],"wp:attachment":[{"href":"https:\/\/radiobellavista.ar\/index.php?rest_route=%2Fwp%2Fv2%2Fmedia&parent=3193"}],"curies":[{"name":"wp","href":"https:\/\/api.w.org\/{rel}","templated":true}]}}