{"id":3065,"date":"2021-11-08T22:43:58","date_gmt":"2021-11-09T01:43:58","guid":{"rendered":"http:\/\/fmbellavista.com.ar\/?page_id=3065"},"modified":"2024-10-11T18:47:51","modified_gmt":"2024-10-11T16:47:51","slug":"todas-las-noticias","status":"publish","type":"page","link":"https:\/\/radiobellavista.ar\/?page_id=3065","title":{"rendered":"Todas las Noticias"},"content":{"rendered":"\n<p class=\"has-text-color has-link-color has-large-font-size wp-elements-c9569519d2d194d6f22ad62829bc5167\" style=\"color:#f31212\"><strong>P\u00e1gina Fuera de Servicio<\/strong><\/p>\n\n\n<div class=\"wp-block-image\">\n<figure class=\"alignleft size-full is-resized\"><img data-recalc-dims=\"1\" loading=\"lazy\" decoding=\"async\" width=\"180\" height=\"180\" data-attachment-id=\"5177\" data-permalink=\"https:\/\/radiobellavista.ar\/?attachment_id=5177\" data-orig-file=\"https:\/\/i0.wp.com\/radiobellavista.ar\/wp-content\/uploads\/2024\/10\/telam.jpeg?fit=180%2C180&amp;ssl=1\" data-orig-size=\"180,180\" data-comments-opened=\"1\" data-image-meta=\"{&quot;aperture&quot;:&quot;0&quot;,&quot;credit&quot;:&quot;&quot;,&quot;camera&quot;:&quot;&quot;,&quot;caption&quot;:&quot;&quot;,&quot;created_timestamp&quot;:&quot;0&quot;,&quot;copyright&quot;:&quot;&quot;,&quot;focal_length&quot;:&quot;0&quot;,&quot;iso&quot;:&quot;0&quot;,&quot;shutter_speed&quot;:&quot;0&quot;,&quot;title&quot;:&quot;&quot;,&quot;orientation&quot;:&quot;0&quot;}\" data-image-title=\"telam\" data-image-description=\"\" data-image-caption=\"\" data-medium-file=\"https:\/\/i0.wp.com\/radiobellavista.ar\/wp-content\/uploads\/2024\/10\/telam.jpeg?fit=180%2C180&amp;ssl=1\" data-large-file=\"https:\/\/i0.wp.com\/radiobellavista.ar\/wp-content\/uploads\/2024\/10\/telam.jpeg?fit=180%2C180&amp;ssl=1\" src=\"https:\/\/i0.wp.com\/radiobellavista.ar\/wp-content\/uploads\/2024\/10\/telam.jpeg?resize=180%2C180&#038;ssl=1\" alt=\"\" class=\"wp-image-5177\" style=\"width:93px;height:auto\"\/><\/figure>\n<\/div>\n\n\n<p class=\"has-text-align-left has-black-color has-text-color has-link-color has-normal-font-size wp-elements-93e8623a22f1a325e1c6be5549647514\">T\u00e9lam era una agencia de noticias estatal argentina fundada el 14 de abril de 1945.\u200b Fue la mayor agencia de noticias de Latinoam\u00e9rica\u200b y la segunda m\u00e1s importante en lengua castellana, aunque tambi\u00e9n tiene portales en portugu\u00e9s y en ingl\u00e9s.<\/p>\n\n\n\n<p><\/p>\n","protected":false},"excerpt":{"rendered":"<p>Todas las Noticicias<\/p>\n","protected":false},"author":1,"featured_media":0,"parent":340,"menu_order":0,"comment_status":"closed","ping_status":"closed","template":"","meta":{"_eb_attr":"","advanced_seo_description":"","jetpack_seo_html_title":"","jetpack_seo_noindex":false,"_joinchat":[],"footnotes":""},"class_list":["post-3065","page","type-page","status-publish","hentry"],"jetpack_sharing_enabled":true,"jetpack-related-posts":[{"id":3039,"url":"https:\/\/radiobellavista.ar\/?page_id=3039","url_meta":{"origin":3065,"position":0},"title":"Todo Noticias","author":"Administrador","date":"8 de noviembre de 2021","format":false,"excerpt":"[do_widget id=rss-3]","rel":"","context":"Entrada similar","block_context":{"text":"Entrada similar","link":""},"img":{"alt_text":"","src":"","width":0,"height":0},"classes":[]},{"id":340,"url":"https:\/\/radiobellavista.ar\/?page_id=340","url_meta":{"origin":3065,"position":1},"title":"Noticias","author":"Administrador","date":"10 de octubre de 2020","format":false,"excerpt":"","rel":"","context":"Entrada similar","block_context":{"text":"Entrada similar","link":""},"img":{"alt_text":"","src":"","width":0,"height":0},"classes":[]},{"id":3463,"url":"https:\/\/radiobellavista.ar\/?page_id=3463","url_meta":{"origin":3065,"position":2},"title":"Mapa de Noticias","author":"Administrador","date":"12 de mayo de 2023","format":false,"excerpt":"<iframe src=\"https:\/\/www.google.com\/maps\/d\/viewer?mid=1eN4rLDw1tICmzNSP3n2Ziy54E2brhIGQ&ll=-34.56599392009763%2C-58.69015454410798&z=14\" width=\u201d960\u201d height=\u201d720\u201d ><\/iframe>","rel":"","context":"Entrada similar","block_context":{"text":"Entrada similar","link":""},"img":{"alt_text":"","src":"","width":0,"height":0},"classes":[]},{"id":4158,"url":"https:\/\/radiobellavista.ar\/?page_id=4158","url_meta":{"origin":3065,"position":3},"title":"Estado del Tiempo","author":"Administrador","date":"17 de noviembre de 2020","format":false,"excerpt":"","rel":"","context":"Entrada similar","block_context":{"text":"Entrada similar","link":""},"img":{"alt_text":"","src":"","width":0,"height":0},"classes":[]},{"id":4528,"url":"https:\/\/radiobellavista.ar\/?page_id=4528","url_meta":{"origin":3065,"position":4},"title":"Noti Municipios","author":"Administrador","date":"8 de abril de 2024","format":false,"excerpt":"","rel":"","context":"Entrada similar","block_context":{"text":"Entrada similar","link":""},"img":{"alt_text":"","src":"","width":0,"height":0},"classes":[]},{"id":4664,"url":"https:\/\/radiobellavista.ar\/?page_id=4664","url_meta":{"origin":3065,"position":5},"title":"Cotizaci\u00f3n del Dolar","author":"Administrador","date":"22 de mayo de 2024","format":false,"excerpt":"","rel":"","context":"Entrada similar","block_context":{"text":"Entrada similar","link":""},"img":{"alt_text":"","src":"","width":0,"height":0},"classes":[]}],"jetpack_shortlink":"https:\/\/wp.me\/PeQ3Wf-Nr","_links":{"self":[{"href":"https:\/\/radiobellavista.ar\/index.php?rest_route=\/wp\/v2\/pages\/3065","targetHints":{"allow":["GET"]}}],"collection":[{"href":"https:\/\/radiobellavista.ar\/index.php?rest_route=\/wp\/v2\/pages"}],"about":[{"href":"https:\/\/radiobellavista.ar\/index.php?rest_route=\/wp\/v2\/types\/page"}],"author":[{"embeddable":true,"href":"https:\/\/radiobellavista.ar\/index.php?rest_route=\/wp\/v2\/users\/1"}],"replies":[{"embeddable":true,"href":"https:\/\/radiobellavista.ar\/index.php?rest_route=%2Fwp%2Fv2%2Fcomments&post=3065"}],"version-history":[{"count":2,"href":"https:\/\/radiobellavista.ar\/index.php?rest_route=\/wp\/v2\/pages\/3065\/revisions"}],"predecessor-version":[{"id":5178,"href":"https:\/\/radiobellavista.ar\/index.php?rest_route=\/wp\/v2\/pages\/3065\/revisions\/5178"}],"up":[{"embeddable":true,"href":"https:\/\/radiobellavista.ar\/index.php?rest_route=\/wp\/v2\/pages\/340"}],"wp:attachment":[{"href":"https:\/\/radiobellavista.ar\/index.php?rest_route=%2Fwp%2Fv2%2Fmedia&parent=3065"}],"curies":[{"name":"wp","href":"https:\/\/api.w.org\/{rel}","templated":true}]}}